lculate 1 + (-5 - 1) + -11 + 16.
0
What is -5 - (-3 - ((8 - 2) + -2))?
2
Calculate -4 + (0 - 4) + 1 + 4.
-3
Evaluate 4 - (6 + (5 - 2)).
-5
What is (3 - 5) + (4 - (1 + 3))?
-2
Evaluate 6 - (4 + -1 + -2 - -9).
-4
What is -4 + (-15 - -13) + 0?
-6
Evaluate 8 + (0 - 1) - 4.
3
Evaluate 6 - 11 - (-2 + 2).
-5
Calculate (-15 - (6 + 0 + -7)) + 3.
-11
Evaluate 3 - ((3 - (-2 - 1)) + -4).
1
Calculate (4 - 0) + (0 + 0 - 1).
3
Calculate -6 - (4 + (-9 - -3)).
-4
What is (0 - -6) + -35 + 26?
-3
Calculate 2 + (2 - 5) + -3 + 6.
2
Evaluate -1 + (4 + 0 - (8 + -1)).
-4
-1 - ((-8 - -2) + 3)
2
Calculate (4 - 2) + 2 - 6.
-2
Evaluate 0 - (-9 + 27 + -11).
-7
What is the value of -9 + 6 - (2 - 8 - 0)?
3
-5 + 3 - ((-1 - 8) + 3)
4
Calculate -6 - (0 - 7 - 2).
3
What is the value of (-6 - -1 - -6) + -5 + 4?
0
-9 + 1 + 1 + (4 - 2)
-5
-1 - -5 - (3 + -1 + 0)
2
What is (-5 - -7) + -12 - -3 - -9?
2
What is 4 + 19 + -4 + -9?
10
5 + -5 + 0 - 5
-5
Calculate 7 + -10 + (7 - (-2 + 1)).
5
2 - ((-17 + 6 - 2) + 7)
8
What is the value of -4 + 6 + 10 + -5 + -3?
4
What is -17 + 1 + 9 - -10?
3
Calculate (0 - -2) + -1 + 1.
2
Evaluate 5 + -27 + 11 - -9.
-2
What is 6 - (-6 - -6) - 9?
-3
0 - 1 - (21 + -18)
-4
Evaluate 15 - 22 - ((-1 - 3) + 6).
-9
Evaluate (-2 - 2 - -1) + 5 - -3.
5
What is -1 + 2 - (0 + 2)?
-1
Evaluate 4 - -1 - (7 + -3) - 3.
-2
Evaluate -5 - -11 - (-4 + 3).
7
Calculate -3 + (1 - 0 - -2).
0
Calculate -1 + 0 + (-1 - 1).
-3
Calculate ((-3 - -4) + -4 - -5) + 0.
2
What is the value of 0 - 3 - (10 - (5 - -1))?
-7
Evaluate 9 + -11 + 6 + -3 + -5.
-4
Evaluate -4 + -1 + (1 - 0).
-4
Calculate -7 + 4 + -5 + (-2 - -4).
-6
Evaluate -1 + -3 - (1 - (4 + 0)).
-1
What is the value of 1 + 1 + 34 + -29?
7
What is (-3 - -3 - -6) + 0 + -6?
0
-3 - (-1 + -7 + 2)
3
What is the value of (0 - (2 + 0 - 3)) + 1?
2
What is the value of (-2 + 1 - -1) + -87 + 83?
-4
Evaluate 1 + -2 + (-1 - 2) + -3.
-7
Calculate 7 + -13 + 3 + 10.
7
Evaluate (-4 - 4) + 5 + 3 + -5.
-5
Evaluate -75 - -81 - (6 - 1).
1
-3 + 1 + 4 + -17 + 15
0
Evaluate -6 - -13 - (0 - 0).
7
Evaluate 0 + 1 + 2 + 8 + -8.
3
Calculate -5 - (-1 + -7) - -7.
10
Evaluate (10 - 14 - -3) + -7.
-8
What is -73 + 79 + -8 + 1?
-1
Evaluate -6 + -2 + 3 + 3 + -2.
-4
Evaluate -9 + -1 - (-70 - -61).
-1
Evaluate 2 + 1 - (-4 + 4).
3
Evaluate (-15 - -15) + -3 + 0.
-3
(1 - 9) + (-12 - -17)
-3
0 - 1 - (-1 - 4)
4
What is the value of 8 + -4 - 3 - -4?
5
Evaluate 1 + -3 + 59 + -55.
2
What is -4 + 2 - -6 - -1?
5
Calculate -3 - (2 - (-2 + 4)).
-3
Calculate (4 - 0 - (20 - 10)) + 7.
1
What is (6 - (10 + -1)) + -3 + 1?
-5
What is -23 + 19 + (0 - -4)?
0
What is -2 + (9 - 14) - -6?
-1
What is the value of -1 - (-5 - 2 - (-6 - -2))?
2
What is -10 + -7 + (7 - -11)?
1
2 - (5 + -1 + -7)
5
Evaluate -6 + (-4 - -3) + 3 + 1.
-3
Evaluate 11 + -14 + 4 - 5.
-4
(-14 - (7 - 10)) + 13 + -4
-2
17 + (3 - 1) + -10
9
What is the value of (-3 - 1 - -1) + 4 + 0?
1
-4 + 9 + (12 - 12)
5
24 - 12 - (2 - -2)
8
What is 3 - (0 + 0) - (-8 - -15)?
-4
Evaluate 4 + 3 + (-4 - -1) + -4.
0
Calculate -3 - (-5 + (6 - 5)) - 0.
1
What is the value of 3 - (-1 + -4) - (-3 - -4)?
7
What is (11 - (9 - (7 + -2))) + -2?
5
What is the value of 3 - (0 + (-2 - -3) + -3)?
5
What is 7 + 4 + -4 - 8?
-1
What is (1 - 0) + (-16 - -9 - -9)?
3
Evaluate (-3 - -9 - 15) + 7.
-2
What is the value of (-6 - 3 - -4) + 7 - -2?
4
Evaluate -3 - 4 - (1 + (-2 - 1)).
-5
Calculate 0 + 3 + 0 + 2 - 2.
3
What is the value of 6 + -2 + 0 - 2?
2
Evaluate (0 - 1) + -15 + 22.
6
Evaluate (-39 - -41) + (-1 - 0).
1
Evaluate (-9 + 3 - -11) + -2.
3
Calculate 6 - (4 + 2 + -2).
2
Evaluate 0 + (3 - 5) + 4.
2
What is the value of 2 + (5 - 4 - 7) + 0?
-4
What is the value of -17 + 28 - (-5 - -18)?
-2
(87 - 79) + (-11 - 2)
-5
What is the value of 1 - (0 - (1 + -10))?
-8
Evaluate -10 + 7 + -3 + 7.
1
11 - (-2 - (-15 + 4))
2
What is the value of 2 - (5 - 6 - (-4 - -2))?
1
8 + -2 + (-7 - -1)
0
10 + (-4 - 1) + -2
3
What is the value of 0 + 1 - (-9 - -15 - 8)?
3
What is 5 - (6 - (6 + (5 - 4)))?
6
Calculate (6 - 25) + 5 + 8.
-6
Calculate 7 - (7 + 0 + -7).
7
Evaluate -2 + 6 - (15 - 14).
3
What is the value of -8 + (15 - 16) + (-1 - -4)?
-6
Evaluate (-4 - (-1 + -3 + -3)) + 2.
5
What is the value of (-6 + 22 - 5) + -7?
4
What is 2 + -5 + -5 + 13?
5
-3 + -8 + 3 + 2 - -4
-2
What is 5 + 1 + -1 + -3 + 3?
5
(-3 - (-3 + 8)) + 9
1
-20 - -18 - (-4 - 0) - -1
3
What is the value of 1 + 3 - (65 - 63)?
2
What is 3 - (2 + (-5 - -3) + 2)?
1
Calculate 0 + -3 + (-2 - -5 - 1).
-1
What is -1 - (-1 - (-4 + (-2 - -3)))?
-3
-5 + 6 + 2 + 0
3
Evaluate 7 - 5 - (4 - -1).
-3
Evaluate 0 + -2 + -3 - -4.
-1
Evaluate -6 + (-4 - -8) + 1.
-1
Calculate (-15 - -18) + (9 - 1) + -6.
5
12 + -7 + -5 + -4 - -14
10
Evaluate -6 - (7 + -10 + -1) - 1.
-3
What is the value of 5 + -3 + 6 + -6?
2
What is the value of 3 - (1 + -5 + 2)?
5
Calculate 10 + 6 + -10 - 5.
1
What is the value of (-2 - 1) + -9 + 7?
-5
What is (-136 - -148) + (-17 - 1)?
-6
What is 6 + (0 - (1 - -2))?
3
Evaluate -4 + 3 + 4 - 8.
-5
What is 1 + -6 + (-8 - -2 - -10)?
-1
What is (-6 - -4 - -2) + 4?
4
Calculate 8 - ((-12 + 6 - -26) + -6).
-6
What is the value of (10 - (13 - 14)) + -12?
-1
What is the value of (-7 - -2) + 1 + -2 + 4?
-2
Calculate 0 + -6 + 12 + -3.
3
What is the value of 11 + -7 + -3 + 6 + -12?
-5
What is (0 - (3 + -6)) + -4?
-1
What is 7 + (-4 - 11) + 7?
-1
(-32 - -32 - (1 + 2)) + 4
1
Evaluate (-1 - 5) + (10 - 8).
-4
(3 - -3) + -2 - (-2 - -9)
-3
What is -2 - 1 - (-2 - (6 - 6))?
-1
What is the value of -2 + 6 - (1 - (1 - 0))?
4
What is -96 - -81 - (-10 + 2)?
-7
What is the value of -1 + -2 - (2 + -4 - -2)?
-3
Calculate -6 - (11 + -11 + -4).
-2
What is 2 + (0 + -5 - 3) - -8?
2
Evaluate -2 - -4 - (0 + 2).
0
-2 - (-1 + -6 + 5)
0
What is -1 + 7 - (16 - 8)?
-2
Calculate -1 + 0 + -1 - -5.
3
What is the value of -12 + (-3 - -16) - (-2 + 10)?
-7
What is 15 - -1 - (74 - 71) - 5?
8
What is the value of 8 - (1 - -2) - 1?
4
What is 3 + 1 - 2 - (6 - 2)?
-2
0 + (-4 - -2) - 2 - 0
-4
What is the value of -2 + (-8 - -8) - (1 - 0)?
-3
What is 2 + 2 + -1 + -1 + -2?
0
Evaluate (9 - 8) + -6 + 4 + 0.
-1
Evaluate (-5 + 6 - 8) + 6.
-1
Calculate 4 - (30 + -26 - (0 - -1)).
1
-3 + (6 + 0 - (51 - 49))
1
Evaluate (1 - (-2 + -3 + 5)) + 2.
3
What is the value of (-4 - -4) + 3 + (-4 - 5)?
-6
-2 + 0 + (5 - (-5 - -9))
-1
Calculate -1 + -1 + -3 + 1.
-4
Evaluate 2 - ((0 - -3) + 4 + -3).
-2
Calculate -5 - -7 - (1 + 5).
-4
What is the value of (4 - (-1 - -2)) + -9 + -1?
-7
What is (-1 - (-1 - -2)) + (-4 - -3)?
-3
What is -18 + 1 + (-263 - -269)?
-11
What is the value of -2 - 2 - (-1 - (-6 + 0))?
-9
3 + -9 + 1 + 1
-4
4 + -2 - (-1 + -1) - 5
-1
What is -5 - (-6 - -4 - 8)?
5
What is 19 - 13 - (13 + -2)?
-5
What is 10 - ((5 - 10 - 0) + 10)?
5
What is the value of 12 + 2 - (-1 + 9)?
6
What is 1 + -4 + 1 + 4?
2
Evaluate -7 + 3 - -3 - -3 - 4.
-2
Evaluate -1 + -6 + 8 - (-1 - 3).
5
1 - (-3 + 6 + (5 - 3))
-4
Evaluate ((-3 - -8) + -13 - -1) + 7.
0
Calculate 2 - -1 - (-3 + 4).
2
Calculate -6 + (14 - 4) - (-2 - 0).
6
What is the value of -6 + 8 - 4 - -4?
2
What is the value of (5 - (3 - 6 - 0)) + 1?
9
What is the value of 9 - (0 + (2 - (0 + -3)))?
4
Evaluate -6 - (-1 - (-1 - 5) - 8).
-3
What is the value of 3 - (-9 + 10) - (1 - 2)?
3
0 + 3 - (-5 + 5)
3
Calculate -3 + 3 + 13 + -16.
-3
-1 - -7 - (-22 + 26)
2
2 + -6 + (-2 - -4) + 1
-1
Calculate -3 - 0 - (2 + -2 + -3).
0
What is -1 + (8 - 1) - (-7 - -8)?
5
Evaluate 2 + 1 + -3 + (0 - -1).
1
What is the value of -4 + 16 + -14 + 0 + -3?
-5
Calculate (-10 - -3) + (3 - (2 + -3)).
-3
3 + (-2 - (2 - 1))
0
Calculate -4 - -4 - (-8 + 3).
5
What is (25 - 31) + (7 + -4 - 3)?
-6
-11 + 6 - -6 - 2
-1
(-20 - -18) + -1 + 5 + 0
2
Calculate 7 - 4 - (-1 - (-1 + 1)).
4
Evaluate 3 + ((6 - 3) + -1 - 4).
1
2 + (2 - 5) + 0 + 0
-1
Calculate (-6 - -5) + (0 - (-8 - -1)).
6
Calculate -5 + -3 + 4 - -1 - -1.
-2
What is -1 + -7 + 7 + -2 + -2?
-5
2 + (-12 - -9) + -1
-2
-7 + 6 - -9 - 8
0
Calculate -3 + 5 + (-4 - 3) + 5.
0
4 - (-1 - -7 - (-11 - -14))
1
Calculate (-2 - -3) + -1 + 0 + 3.
3
6 - 3 - (-3 - (-10 + 4))
0
Calculate 0 + 4 - ((-3 - -3) + 4).
0
(0 - -2) + (-1 - 3)
-2
What is the value of -1 + -4 + -8 + 1 + 8?
-4
Evaluate (-1 - 1) + 5 + (-4 - -2).
1
What is the value of -1 + 5 + (-4 - (-11 + 7))?
4
What is 27 + -10 + -16 - (4 - 0)?
-3
Calculate -7 + (12 - 2) + -5.
-2
Evaluat